- 17*y**2 + 32*y. List the prime factors of f(6).
2, 229
Let o(z) = 14 + 3*z**2 - 5*z**2 - 18 - 8*z - 7*z**2. Let i be o(-4). Let l = 167 + i. List the prime factors of l.
3, 17
Let y = 998 - 800. What are the prime factors of 11/(y/30568) + 10/(-45)?
2, 3, 283
Let p = -10043 - -24084. List the prime factors of p.
19, 739
Suppose -20 = 3*y + 5*s, 0 = -0*y - 4*y - 3*s - 45. Let q = y + 20. Suppose 0*o = -4*c - q*o + 399, 0 = -4*c + 4*o + 372. List the prime factors of c.
2, 3
Suppose 356*l = 361*l - 11480. Suppose -12916 = -18*m - l. What are the prime factors of m?
2, 5, 59
Let l = -7 - -13. What are the prime factors of (-1)/(l/18)*-32?
2, 3
Let c(k) be the first derivative of 10*k**3/3 - 5*k**2/2 + 2*k + 13. Let v be c(-6). Suppose 5*x = -2*x + v. List the prime factors of x.
2, 7
Suppose 0 = -4*u - c + 18763 + 6909, -2*u = 5*c - 12872. List the prime factors of u.
2, 401
Suppose -65*j + 61*j = -8. Suppose -j*f = -4*i - 402, f - 5*i + 4*i = 201. What are the prime factors of f?
3, 67
List the prime factors of 797858/1468*(1 - -43).
2, 11, 1087
Suppose 95*r - 92*r - t - 12424 = 0, -5*r = 3*t - 20702. List the prime factors of r.
41, 101
Suppose -4*n = -3*h - 17898, 43*n - 13436 = 40*n - 4*h. What are the prime factors of n?
2, 3, 373
Suppose 49*a - 53*a + 408 = 0. Suppose 5*u + 22 = 6*u. Let v = a - u. List the prime factors of v.
2, 5
Let x(n) = 31*n**2 + 2. Let t = -28 + 26. Let w be x(t). Let s = -74 + w. What are the prime factors of s?
2, 13
Let u(v) = 2388*v + 110. What are the prime factors of u(2)?
2, 7, 349
Let l = 53 - 26. List the prime factors of (l/(-4))/(2/(-136)).
3, 17
Suppose -y + 129 = 2*y + 3*d, 126 = 3*y + 2*d. Let u = -35 + y. List the prime factors of 22/55 + (88/u)/1.
2, 3
Suppose 5*f - 3*p + 13 + 0 = 0, -5*f - 14 = -4*p. Let r(j) = 163*j**2 + 11*j + 1. List the prime factors of r(f).
631
Suppose 4*f + 8 - 24 = -2*j, 0 = -f + j + 1. What are the prime factors of (-482)/(-8)*f + 25/100?
181
Suppose -5*t + 0*t + 3 = 4*n, -2*t - 2 = 0. Suppose 0*c + 1510 = 2*c + 2*i, 5*c - 3747 = n*i. List the prime factors of c.
751
Let h(o) = 13*o - 8. Let l be h(4). Let p = l + -102. Let f = p - -156. List the prime factors of f.
2, 7
Let d be 1/(3/(-72)*-2). Let n(k) = 3*k - 19*k + d*k - 9. What are the prime factors of n(-13)?
43
Let u = -52 + 48. List the prime factors of u/9*-3*18.
2, 3
Let v = -52 - -52. Let l be (-369)/(-3) - v - 0. Let s = l + -68. List the prime factors of s.
5, 11
Let r be 6/39 - (-6017)/13. Let j = 562 + r. What are the prime factors of j?
5, 41
List the prime factors of -23*(-44 - 20/(-5)).
2, 5, 23
Suppose 5*o = 11 + 4. Let y be o/2*(3 - (-327)/(-9)). Let n = y + 203. List the prime factors of n.
3, 17
Suppose 11*d = 13*d - 512. Suppose -5*m = 149 + d. Let q = m + 124. List the prime factors of q.
43
Let x = -62724 + 96421. What are the prime factors of x?
31, 1087
Suppose 2*t + 10 = -2*a, 4*t - 10 = a - 30. Let s(d) = 766*d**3 - 2*d**2 + 1. Let y be s(1). Suppose a = -5*k - 95 + y. What are the prime factors of k?
2, 67
Let k be 12/(-18) - 8/(-3). Suppose -k*p = -7*p - 5*w + 40, -5 = -5*p + 2*w. Suppose -p*a + 6*a = 183. List the prime factors of a.
61
What are the prime factors of 7110810/350 - 16/10?
5, 17, 239
Suppose 133738 + 1163954 = 44*k. What are the prime factors of k?
3, 29, 113
Suppose -5*l - 100 = -10*l + z, 2*l + 3*z = 40. Suppose -y - 5*c + 184 = 0, l = -y - 2*c + 192. What are the prime factors of y?
2, 41
Suppose 24*v = 309 + 3. List the prime factors of (219 - v)*(-5)/(-2).
5, 103
Let l(b) = b**3 - 8*b**2 + 7*b + 7. Let z be l(7). Suppose z*o - 4461 = -401. Suppose -t - o = -5*t. List the prime factors of t.
5, 29
Let q(k) = 14531*k**2 - k + 3. List the prime factors of q(1).
14533
Let a(o) = 8*o**2 + 65*o - 541. What are the prime factors of a(-63)?
2, 6779
Suppose -3*x + 4 = -5*x + 2*f, 5*f = -3*x - 14. Let p be 20/(x/((-6)/(-2))). Let l = p - -35. What are the prime factors of l?
3, 5
Suppose 0 = -n - 3*s + 4065, -43*s - 16170 = -4*n - 40*s. List the prime factors of n.
3, 19, 71
Suppose 8*p = 10*p - 42. Let g be (p - 3)*49/3. Suppose 310 = 5*b - 5*s, -5*s + 2*s + g = 5*b. List the prime factors of b.
2, 3, 5
Let m = 533 + -538. List the prime factors of (-8)/m + -1 - (-215044)/185.
1163
Suppose 7*h = 2*h + 5*l + 5, -h + 4*l - 2 = 0. Suppose -z - h*n + 164 = -4*n, 182 = z + 4*n. List the prime factors of z.
2, 5, 17
Suppose 4*y + 666 = 5*h, -7*y + 273 = 2*h - 2*y. Let z = h + -72. List the prime factors of (z/(-4))/(3/6 + -1).
31
Let b(n) = n**3 - 4*n**2 + 3*n - 2. Let i be b(3). Let v(x) = -x**3 + 12*x**2 - 18*x + 73. Let y be v(11). What are the prime factors of y/((-5)/(-80)*i)?
2
Let l be (37/(-3) - (-22 - -21))*3. Let m = l - -336. List the prime factors of m.
2, 151
Suppose -2*v = 3*c - 49728, 37*v - 4*c = 36*v + 24886. What are the prime factors of v?
2, 3, 5, 829
Let h be ((-4)/6)/(19/(-114)) + 1599. Suppose -5*t + 3*q = -7994, -t + 38*q - 36*q = -h. List the prime factors of t.
1597
Let s = 505 + -502. Suppose -4*i = 2*h - 650, h - s*h = -5*i + 835. List the prime factors of i.
3, 5, 11
List the prime factors of (-251630)/(-8) - 1*((-225)/36 + 5).
3, 5, 233
Suppose 21290 = 5*m - 4*h - 10223, 4*m - 25244 = -8*h. What are the prime factors of m?
5, 13, 97
Let j(q) = q**2 + q + 47. Let k(h) = -3*h**2 - 20*h - 378. Let m(a) = 8*j(a) + k(a). Let t be (10/4)/(1/2). What are the prime factors of m(t)?
3, 7
Let j be (-20)/(-1*2)*(-60)/(-8). Let z = j - 54. What are the prime factors of (-3 - z/(-6))/((-1)/(-134))?
67
Let m be ((-6)/6)/(3*4/(-17268)). Let z = m - 702. What are the prime factors of z?
11, 67
Suppose 4 = 4*o, 4*o = -262*c + 263*c - 54268. List the prime factors of c.
2, 53
Suppose 4*r + 82 = 2*y, -67 = 5*r + 4*y + 29. Let o = r + 21. What are the prime factors of (1 - -3)*o/((-8)/(-62))?
31
Suppose -6*a - 1 = -31. Suppose -d - 5*c = -18, -a*d + c = 5*c - 27. Suppose -d*v = -11*v + 536. What are the prime factors of v?
67
Suppose 26609 = 2*b - 5*w, -52*w = -49*w - 21. List the prime factors of b.
2, 6661
Suppose 4*o + q = 89139 - 31032, -2*o + 29059 = -5*q. What are the prime factors of o?
73, 199
Let i be (-6)/15 - 76224/40. Let m = i - -2829. What are the prime factors of m?
13, 71
List the prime factors of ((-36)/90)/(-3 + (-335216)/(-111740)).
2, 37, 151
Suppose -2*p + 3*q = -2, 20 = 2*p + p + 4*q. Suppose 2*m = -b - p + 8, 0 = 4*m - b - 14. List the prime factors of -2 + 856/6*m/2.
2, 53
Let y = 19170 - 18329. List the prime factors of y.
29
Let v(g) = -g**3 + 12*g**2 - 20*g + 14. Let m be v(10). What are the prime factors of 1183/m - 4/8?
2, 3, 7
Let y(w) = 20*w + 11*w**2 - 3*w - 16*w - 108 - 18*w. What are the prime factors of y(-8)?
2, 3, 61
Let q = 12960 + -7801. What are the prime factors of q?
7, 11, 67
Let b(h) = 6*h**2 + 6*h + 3. Let j be (-1)/((-2)/8) - -2. List the prime factors of b(j).
3, 5, 17
Let w be 3/9 - (-40)/6. Suppose 43 + w = 10*l. Suppose l*o + 4*o = 567. List the prime factors of o.
3, 7
Let w be 2/((2/(-90))/(5/(-30))). Let p(r) = -2*r**2 + 32*r + 21. List the prime factors of p(w).
3, 17
List the prime factors of 7597*1 + 68 + -80.
5, 37, 41
Let u = -197 + 8. Let j = -104 - u. Let d = j + -15. List the prime factors of d.
2, 5, 7
Suppose 1561 - 41893 = -m + 28414. List the prime factors of m.
2, 37, 929
Suppose -11*x = -9*s - 7*x + 12306, 4*s - 5449 = -5*x. What are the prime factors of s?
2, 683
Let w(q) = 2208*q + 1433. What are the prime factors of w(20)?
127, 359
Let g be 2/(-11) + 167/11. Let v be (-5)/g + 1/((-3)/(-70)). Let u = 37 - v. What are the prime factors of u?
2, 7
Let c(r) = -3*r + 12. Let k be (-7)/(-28) + (-19)/(-4). Let z be c(k). List the prime factors of 33 + (z + 1 - -1).
2
List the prime factors of 18/81 + 1411424/126.
2, 3, 1867
Let u = -64 - -106. Suppose -9*x + u = -6*x. Suppose h - x = k, -5*h - k + 46 = -54. List the prime factors of h.
19
What are the prime factors of (45740/(-50)*-5)/(4/6)?
3, 2287
Suppose -2*w - 80*z = -83*z - 59426, -5*z - 20 = 0. What are the prime factors of w?
61, 487
Suppose 25529 = 3*f - 4*s + 8806, 0 = -4*f - 5*s + 22318. Suppose -8*p + f = 3*p. What are the prime factors of p?
3, 13
Let c(r) = 25*r + 2. Let u be c(-2). What are the prime factors of (1476/u)/((-3)/20)?
5, 41
Let c(p) b